Let f be 7/3 - 2/6. Let j = f - -5. Let i = -52 - -101. What is the highest common divisor of i and j?
7
Let x(h) be the first derivative of h**4 - h**3/3 + h**2 - h - 1. Let b be x(1). What is the greatest common factor of 32 and b?
4
Let m(q) = q + 11. Let v be m(-8). Calculate the greatest common divisor of 9 and v.
3
Suppose -x = 2*r - 26, -2*r + 28 + 58 = 3*x. Suppose 4*u + w + 0*w = 23, 5*u + 4*w - 26 = 0. What is the highest common factor of u and x?
6
Suppose 2*b + j + 286 = 5*b, 0 = b + 3*j - 102. What is the highest common factor of 24 and b?
24
Let b = 11 + -5. Suppose b*t = 2*t. Suppose -5*c - 44 = -4*r, t*c + 24 = 2*r - 3*c. What is the greatest common factor of r and 48?
6
Let r be 170*1 + 0 + -2. What is the greatest common divisor of 24 and r?
24
Let o be (-6)/15*(-10)/1. Suppose -o*x + 78 = 6. Calculate the greatest common divisor of 126 and x.
18
Suppose -a + 10 = -x + 2, -5*x - 12 = -a. Calculate the highest common factor of a and 7.
7
Suppose -h + 5*h = 12. Suppose 3*c - i = -2*c + 159, 0 = 5*c + h*i - 163. What is the highest common divisor of 288 and c?
32
Let q(k) = -k**2 + 12*k + 5. Let v be q(11). Let g = -5 + v. What is the greatest common factor of 77 and g?
11
Let a(d) = 43*d + 1. Let u be a(1). Calculate the highest common factor of u and 22.
22
Let w = 5 - 11. Let d(p) = -p**3 - 4*p**2 + 2*p + 5. Let z be d(w). Let v = 142 - z. Calculate the greatest common factor of v and 11.
11
Let w(k) = 3*k**2 + 7*k + 4. Let n be w(-3). What is the highest common divisor of 2 and n?
2
Let n = 233 + -138. What is the highest common factor of n and 5?
5
Let p = 53 - 11. Calculate the greatest common divisor of 14 and p.
14
Let t = 3 - 3. Let v = 10 + t. What is the highest common factor of 5 and v?
5
Suppose -n + 7*l + 9 = 4*l, 0 = 4*n - 4*l - 60. What is the highest common factor of 9 and n?
9
Let a be ((-4)/(-10))/((-3)/180). Let p be (-6)/3 + 3*1. Let y be a/(p - (-21)/(-12)). Calculate the greatest common factor of y and 4.
4
Let b(r) = -r**3 + 2*r**2 + 3*r - 3. Let h be b(2). Suppose -h*g + g + 46 = 0. Calculate the highest common factor of g and 92.
23
Suppose -4*b - 4*m + 28 = -b, 0 = -4*b - m + 20. Calculate the highest common factor of b and 6.
2
Let r be (2/(-1) + 1)*-1. Let k(z) = 265*z - 1. Let n be k(r). Calculate the greatest common divisor of 24 and n.
24
Suppose 4 = 5*d - 7*d. Let c be (-2)/2*d*4. Calculate the highest common factor of 16 and c.
8
Let a be 2/6 + (-16)/(-6). Let i(k) = 3*k**3 + 3*k**2 - 3*k - 1. Let n be i(a). What is the greatest common divisor of 14 and n?
14
Let d = 4 + 2. Let p = d + -8. Let n be p/(-4)*(30 - 4). Calculate the greatest common factor of 39 and n.
13
Let t(a) = a**2 + 2*a + 2. Let n be 1*-4 - -3 - 3. Let i be t(n). What is the greatest common factor of i and 2?
2
Let d = 87 - 50. What is the highest common divisor of 296 and d?
37
Suppose -2*o - 26 = -b, -5*b = -10*b - o + 108. Calculate the highest common divisor of 11 and b.
11
Let i be -4 - (-3)/(-2)*-6. Calculate the greatest common divisor of i and 5.
5
Let u(q) = 317*q - 1. Let f be u(-1). Let s = 450 + f. Let n be 1 + 13 + (-6)/3. Calculate the highest common divisor of n and s.
12
Suppose -m = -u + 18, 4*m = 3*u - 8*u + 81. Suppose o - 42 = -5*k, 3*o - k - 31 = 3*k. What is the highest common divisor of u and o?
17
Let c = -45 - -57. What is the highest common divisor of c and 96?
12
Let i(c) = c**2 - 14*c + 12. Let z be i(17). What is the highest common divisor of z and 7?
7
Let c = 12 - 8. Let z be 14/(2*1/c). Suppose -5*k - w + 67 = -2*w, 65 = 4*k + 3*w. What is the highest common factor of k and z?
14
Let z(k) = 13*k**2. Let a(m) = -m + 2. Let y be a(-7). Let v be (-4)/(-6)*y/(-6). Let w be z(v). Calculate the greatest common divisor of w and 26.
13
Suppose -3*b + 15 = 3*g, 5*b - 2*g = -g + 25. Let d = b + -4. Calculate the greatest common factor of d and 5.
1
Suppose -5*q - 4*z = -259, -81 = 5*q - 5*z - 376. What is the greatest common factor of 5 and q?
5
Let a = 12 - -9. Let p be -4*((-14)/(-4))/(-1). Calculate the highest common divisor of p and a.
7
Suppose q + 64 = 2*q. Calculate the greatest common divisor of q and 32.
32
Let k be (-39)/30*-18*5. Calculate the highest common factor of 39 and k.
39
Let o = -15 + -49. Suppose 349 = -3*m - 4*r, -4*m - 4*r = 261 + 207. Let w = o - m. Calculate the highest common divisor of 5 and w.
5
Let j be (4/6)/((-12)/(-450)). What is the greatest common factor of j and 275?
25
Suppose -2*o = -4*h - 24, -17 = 2*h + 2*o + 7. Let g = 22 + h. What is the highest common factor of 70 and g?
14
Suppose -5*r = 28 + 12. Let m be -4*(-2)/(r/(-11)). What is the greatest common factor of 11 and m?
11
Suppose -4*o + 76 = -0*o. What is the greatest common factor of o and 95?
19
Let r(c) = c**3 + 10*c**2 - 11*c - 3. Let d be r(-11). Let o be (-1)/d + (-152)/6. Let n = o + 37. Calculate the highest common divisor of 3 and n.
3
Let d(a) = 2*a**2 + 8*a + 4. Suppose -2 = 2*m + 2*p + 14, 4*p = -12. Let r be d(m). Calculate the greatest common factor of 14 and r.
14
Let w = -4 - -10. Let o(h) = 6 + h - h + 3*h**2 + 3*h. Let u be o(-4). Calculate the greatest common divisor of u and w.
6
Let i = 16 - -40. What is the greatest common divisor of 24 and i?
8
Suppose 4*a = -a - 4*b + 18, -3*b + 14 = 4*a. Calculate the greatest common divisor of a and 14.
2
Suppose 4*i - 60 = 12. Let y(z) = -5*z**2 + 2*z**2 + 3*z + 7*z**2 + 6*z. Let r be y(-6). What is the highest common divisor of r and i?
18
Suppose -4*b - 5 = -9*b. Let k be (4/(-6))/((-4)/30). Calculate the greatest common divisor of b and k.
1
Let a be (-5)/(-2) - (-1)/(-2). Suppose -2*u + 272 = a*u. Calculate the highest common divisor of u and 17.
17
Let u(x) = x**3 - 1. Let s be u(0). Let i be (-1)/(s/3) - -19. What is the greatest common factor of i and 11?
11
Suppose 4*n + 4*q - 36 = 0, 9*n = 4*n + 5*q - 5. Suppose 0 = -7*o + 2*o + 150. Let b = o - 18. Calculate the highest common factor of b and n.
4
Suppose -2*l - 4 = -6*l. Let h = -3 + 4. Calculate the highest common divisor of l and h.
1
Let c(a) = a**2 - 4*a - 18. Let y be c(-3). What is the greatest common factor of y and 24?
3
Let i be (((-18)/4)/(-3))/((-6)/(-172)). Calculate the highest common divisor of 215 and i.
43
Let x(o) = 4*o**2 + 2*o + 2. Let n be x(-2). Let f(k) = -k**2 + 20*k + 7. Let h be f(13). What is the greatest common factor of n and h?
14
Let k(z) be the second derivative of -z**3/3 - z**2 - 2*z. Let b be k(-9). What is the greatest common factor of b and 40?
8
Suppose 4*q - 1813 = 59. Suppose 0 = 2*g + 2*g - q. Calculate the greatest common divisor of g and 13.
13
Suppose -15 + 6 = 3*q. Let v be q/5 + 190/25. Calculate the greatest common factor of 1 and v.
1
Let p = 12 + -18. Let o be (-98)/p - 1/3. What is the highest common divisor of 40 and o?
8
Let l be -2 - (-3 - 0 - 4). Suppose 5 - 65 = -l*o. What is the greatest common factor of o and 12?
12
Suppose -5*d - 2*t + t = 40, 3*t - 15 = 0. Let i = 4 - d. Let c = 245 + -128. What is the greatest common divisor of c and i?
13
Let r = -31 + 45. Let f be r + 5*6/15. Calculate the highest common divisor of f and 48.
16
Suppose 309 = 7*d - 111. Calculate the highest common factor of d and 90.
30
Let o(w) = -w**3 - 7*w**2 + 2*w - 10. Let g be o(-8). Calculate the highest common divisor of g and 418.
38
Let v = 32 - -20. Calculate the greatest common factor of v and 13.
13
Let k(d) = 11*d**3 - 2*d - 1. Let a be k(2). Let l = -48 + a. Calculate the greatest common factor of 7 and l.
7
Let l(f) = -9*f - 12. Let u be l(-8). What is the greatest common divisor of 15 and u?
15
Let t be ((1 - 2)*1)/1. Let i(p) = -9*p + 1. Let h be i(t). What is the greatest common factor of h and 80?
10
Suppose -2*s - 12 = -4*l, l = -2*s + 2*l - 12. Suppose 4*c = -c - 20, 7 = -3*m - 4*c. Let k be 33/s*(-6)/m. What is the greatest common factor of k and 99?
11
Suppose 4*i + 47 = 5*i - 5*n, 0 = 3*i + n - 221. What is the highest common factor of i and 18?
18
Suppose -4*z + 2442 = -3*o, 0 = 5*z + 4*o - 2838 - 230. Suppose 0 = -0*p + 4*p - z. Calculate the highest common factor of 17 and p.
17
Suppose 4*w = 61 + 59. Calculate the greatest common factor of 12 and w.
6
Suppose -5*b + 96 - 6 = 0. Calculate the greatest common divisor of 18 and b.
